{"id":199,"date":"2025-04-17T14:39:44","date_gmt":"2025-04-17T12:39:44","guid":{"rendered":"http:\/\/lc-rapid-dortmund.de\/wordpress\/?page_id=199"},"modified":"2025-04-18T12:29:47","modified_gmt":"2025-04-18T10:29:47","slug":"start","status":"publish","type":"page","link":"https:\/\/lc-rapid-dortmund.de\/wordpress\/start\/","title":{"rendered":"Start"},"content":{"rendered":"\n<p><\/p>\n\n\n\n<h3 class=\"wp-block-heading\">Willkommen beim LC Rapid Dortmund \u2013 Dein Leichtathletik-Club mit Tempo!<\/h3>\n\n\n\n<p>Beim LC Rapid Dortmund dreht sich alles um Bewegung, Gemeinschaft und Begeisterung f\u00fcr die Leichtathletik. <br>Ob gro\u00df oder klein, Anf\u00e4ngerin oder ambitionierter Athlet \u2013 bei uns findet jeder seinen Platz auf der Bahn, im Team und im Verein.<br>Was uns auszeichnet?<br>Ein starkes Miteinander, engagierte Trainer und ein Trainingsumfeld, das motiviert und f\u00f6rdert. <br>Wir legen Wert auf Spa\u00df an der Bewegung, pers\u00f6nliche Entwicklung und sportlichen Erfolg \u2013 mit echter Leidenschaft.<br>Entdecke unsere Trainingsangebote, lerne unser Team kennen und werde Teil eines Vereins, in dem Zusammenhalt und Freude am Sport an erster Stelle stehen.<\/p>\n\n\n\n<figure class=\"wp-block-image size-large\"><img loading=\"lazy\" decoding=\"async\" width=\"1365\" height=\"768\" src=\"http:\/\/lc-rapid-dortmund.de\/wordpress\/wp-content\/uploads\/2025\/04\/vor-dem-start-werl-soest-2023-edited-1.jpeg\" alt=\"\" class=\"wp-image-96\" srcset=\"https:\/\/lc-rapid-dortmund.de\/wordpress\/wp-content\/uploads\/2025\/04\/vor-dem-start-werl-soest-2023-edited-1.jpeg 1365w, https:\/\/lc-rapid-dortmund.de\/wordpress\/wp-content\/uploads\/2025\/04\/vor-dem-start-werl-soest-2023-edited-1-300x169.jpeg 300w, https:\/\/lc-rapid-dortmund.de\/wordpress\/wp-content\/uploads\/2025\/04\/vor-dem-start-werl-soest-2023-edited-1-1024x576.jpeg 1024w, https:\/\/lc-rapid-dortmund.de\/wordpress\/wp-content\/uploads\/2025\/04\/vor-dem-start-werl-soest-2023-edited-1-768x432.jpeg 768w\" sizes=\"auto, (max-width: 1365px) 100vw, 1365px\" \/><\/figure>\n\n\n\n<p style=\"font-size:12px\">Vor dem Start zum Silvesterlauf Werl-Soest 2023<\/p>\n\n\n<ul style=\"border-radius:0px;border-style:none;border-width:0px; padding-top:var(--wp--preset--spacing--20);padding-bottom:var(--wp--preset--spacing--20);padding-left:var(--wp--preset--spacing--20);padding-right:var(--wp--preset--spacing--20);margin-top:var(--wp--preset--spacing--30);margin-bottom:var(--wp--preset--spacing--30);margin-left:0;margin-right:0;\" class=\"wp-block-latest-posts__list wp-block-latest-posts\"><li><div class=\"wp-block-latest-posts__featured-image alignright\"><img loading=\"lazy\" decoding=\"async\" width=\"100\" height=\"100\" src=\"https:\/\/lc-rapid-dortmund.de\/wordpress\/wp-content\/uploads\/2026\/04\/Texel_2026_024-100x100.jpg\" class=\"attachment-thumbnail size-thumbnail wp-post-image\" alt=\"\" style=\"max-height:100px;\" \/><\/div><a class=\"wp-block-latest-posts__post-title\" href=\"https:\/\/lc-rapid-dortmund.de\/wordpress\/2026\/04\/04\/storchenmeisterschaft-2026\/\">Storchenmeisterschaft 2026<\/a><div class=\"wp-block-latest-posts__post-excerpt\">Ein Nachmelder startet durch: Philip Schiewer ist der neue Storchenmeister des LC Rapid im Jahre 2026. Nach dem erstmalig ausgetragenen Jugendlauf mit 6 Teilnehmern startete der diesj\u00e4hrige Storchenlauf, bei dem\u2026\u00a0<a class=\"wp-block-latest-posts__read-more\" href=\"https:\/\/lc-rapid-dortmund.de\/wordpress\/2026\/04\/04\/storchenmeisterschaft-2026\/\" rel=\"noopener noreferrer\"><span class=\"screen-reader-text\">Storchenmeisterschaft 2026 <\/span>weiterlesen<\/a><\/div><\/li>\n<li><div class=\"wp-block-latest-posts__featured-image alignright\"><img loading=\"lazy\" decoding=\"async\" width=\"100\" height=\"100\" src=\"https:\/\/lc-rapid-dortmund.de\/wordpress\/wp-content\/uploads\/2026\/03\/frankfurt_2026_kl-1-100x100.jpg\" class=\"attachment-thumbnail size-thumbnail wp-post-image\" alt=\"\" style=\"max-height:100px;\" \/><\/div><a class=\"wp-block-latest-posts__post-title\" href=\"https:\/\/lc-rapid-dortmund.de\/wordpress\/2026\/03\/24\/grundsolide-leistungen-und-eine-silbermedaille-dm-halbmarathon-frankfurt\/\">Grundsolide Leistungen und eine Silbermedaille: DM Halbmarathon Frankfurt<\/a><div class=\"wp-block-latest-posts__post-excerpt\">Bei strahlendem Sonnenschein, besten Temperaturen aber auch Wind gingen 7 RapiDOs bei den Deutschen Meisterschaften im Halbmarathon in Frankfurt an den Start.Und alle kamen zufrieden im Ziel an, anders als\u2026\u00a0<a class=\"wp-block-latest-posts__read-more\" href=\"https:\/\/lc-rapid-dortmund.de\/wordpress\/2026\/03\/24\/grundsolide-leistungen-und-eine-silbermedaille-dm-halbmarathon-frankfurt\/\" rel=\"noopener noreferrer\"><span class=\"screen-reader-text\">Grundsolide Leistungen und eine Silbermedaille: DM Halbmarathon Frankfurt <\/span>weiterlesen<\/a><\/div><\/li>\n<li><a class=\"wp-block-latest-posts__post-title\" href=\"https:\/\/lc-rapid-dortmund.de\/wordpress\/2026\/03\/11\/bronze-und-silber-fuer-maurice-eisfeld-bei-der-dm-halle-masters-2026-in-duesseldorf\/\">Bronze und Silber f\u00fcr Maurice Eisfeld bei der DM Halle Masters 2026 in D\u00fcsseldorf<\/a><div class=\"wp-block-latest-posts__post-excerpt\">Bei den Deutschen Hallenmeisterschaften Masters 2026 im Arena-Sportpark D\u00fcsseldorf war Maurice Eisfeld auf 800-Meter- sowie der 1.500-Meter-Strecke unterwegs. Leider krankheitsbedingt etwas angeschlagen, lief er dennoch auf den 800m eine Zeit\u2026\u00a0<a class=\"wp-block-latest-posts__read-more\" href=\"https:\/\/lc-rapid-dortmund.de\/wordpress\/2026\/03\/11\/bronze-und-silber-fuer-maurice-eisfeld-bei-der-dm-halle-masters-2026-in-duesseldorf\/\" rel=\"noopener noreferrer\"><span class=\"screen-reader-text\">Bronze und Silber f\u00fcr Maurice Eisfeld bei der DM Halle Masters 2026 in D\u00fcsseldorf <\/span>weiterlesen<\/a><\/div><\/li>\n<\/ul>","protected":false},"excerpt":{"rendered":"<p>Willkommen beim LC Rapid Dortmund \u2013 Dein Leichtathletik-Club mit Tempo! Beim LC Rapid Dortmund dreht sich alles um Bewegung, Gemeinschaft und Begeisterung f\u00fcr die Leichtathletik. Ob gro\u00df oder klein, Anf\u00e4ngerin oder ambitionierter Athlet \u2013 bei uns findet jeder seinen Platz auf der Bahn, im Team und im Verein.Was uns auszeichnet?Ein starkes Miteinander, engagierte Trainer und [&hellip;]<\/p>\n","protected":false},"author":1,"featured_media":0,"parent":0,"menu_order":0,"comment_status":"closed","ping_status":"closed","template":"","meta":{"_coblocks_attr":"","_coblocks_dimensions":"","_coblocks_responsive_height":"","_coblocks_accordion_ie_support":"","site-sidebar-layout":"default","site-content-layout":"","ast-site-content-layout":"default","site-content-style":"default","site-sidebar-style":"default","ast-global-header-display":"","ast-banner-title-visibility":"","ast-main-header-display":"","ast-hfb-above-header-display":"","ast-hfb-below-header-display":"","ast-hfb-mobile-header-display":"","site-post-title":"","ast-breadcrumbs-content":"","ast-featured-img":"","footer-sml-layout":"","ast-disable-related-posts":"","theme-transparent-header-meta":"","adv-header-id-meta":"","stick-header-meta":"","header-above-stick-meta":"","header-main-stick-meta":"","header-below-stick-meta":"","astra-migrate-meta-layouts":"default","ast-page-background-enabled":"default","ast-page-background-meta":{"desktop":{"background-color":"var(--ast-global-color-5)","background-image":"","background-repeat":"repeat","background-position":"center center","background-size":"auto","background-attachment":"scroll","background-type":"","background-media":"","overlay-type":"","overlay-color":"","overlay-opacity":"","overlay-gradient":""},"tablet":{"background-color":"","background-image":"","background-repeat":"repeat","background-position":"center center","background-size":"auto","background-attachment":"scroll","background-type":"","background-media":"","overlay-type":"","overlay-color":"","overlay-opacity":"","overlay-gradient":""},"mobile":{"background-color":"","background-image":"","background-repeat":"repeat","background-position":"center center","background-size":"auto","background-attachment":"scroll","background-type":"","background-media":"","overlay-type":"","overlay-color":"","overlay-opacity":"","overlay-gradient":""}},"ast-content-background-meta":{"desktop":{"background-color":"var(--ast-global-color-4)","background-image":"","background-repeat":"repeat","background-position":"center center","background-size":"auto","background-attachment":"scroll","background-type":"","background-media":"","overlay-type":"","overlay-color":"","overlay-opacity":"","overlay-gradient":""},"tablet":{"background-color":"var(--ast-global-color-4)","background-image":"","background-repeat":"repeat","background-position":"center center","background-size":"auto","background-attachment":"scroll","background-type":"","background-media":"","overlay-type":"","overlay-color":"","overlay-opacity":"","overlay-gradient":""},"mobile":{"background-color":"var(--ast-global-color-4)","background-image":"","background-repeat":"repeat","background-position":"center center","background-size":"auto","background-attachment":"scroll","background-type":"","background-media":"","overlay-type":"","overlay-color":"","overlay-opacity":"","overlay-gradient":""}},"footnotes":""},"class_list":["post-199","page","type-page","status-publish","hentry"],"_links":{"self":[{"href":"https:\/\/lc-rapid-dortmund.de\/wordpress\/wp-json\/wp\/v2\/pages\/199","targetHints":{"allow":["GET"]}}],"collection":[{"href":"https:\/\/lc-rapid-dortmund.de\/wordpress\/wp-json\/wp\/v2\/pages"}],"about":[{"href":"https:\/\/lc-rapid-dortmund.de\/wordpress\/wp-json\/wp\/v2\/types\/page"}],"author":[{"embeddable":true,"href":"https:\/\/lc-rapid-dortmund.de\/wordpress\/wp-json\/wp\/v2\/users\/1"}],"replies":[{"embeddable":true,"href":"https:\/\/lc-rapid-dortmund.de\/wordpress\/wp-json\/wp\/v2\/comments?post=199"}],"version-history":[{"count":3,"href":"https:\/\/lc-rapid-dortmund.de\/wordpress\/wp-json\/wp\/v2\/pages\/199\/revisions"}],"predecessor-version":[{"id":279,"href":"https:\/\/lc-rapid-dortmund.de\/wordpress\/wp-json\/wp\/v2\/pages\/199\/revisions\/279"}],"wp:attachment":[{"href":"https:\/\/lc-rapid-dortmund.de\/wordpress\/wp-json\/wp\/v2\/media?parent=199"}],"curies":[{"name":"wp","href":"https:\/\/api.w.org\/{rel}","templated":true}]}}