{"id":656,"date":"2025-11-07T11:52:49","date_gmt":"2025-11-07T10:52:49","guid":{"rendered":"https:\/\/lc-rapid-dortmund.de\/wordpress\/?page_id=656"},"modified":"2026-03-02T10:28:13","modified_gmt":"2026-03-02T09:28:13","slug":"vereinsbekleidung","status":"publish","type":"page","link":"https:\/\/lc-rapid-dortmund.de\/wordpress\/vereinsbekleidung\/","title":{"rendered":"Vereinsbekleidung"},"content":{"rendered":"\n<p>Die Kollektion mit hochwertiger Sport- und Freizeitkleidung von CRAFT gibt es im Rapid Online Shop der plan-a-druckmanufaktur.<br>Hier der Link dorthin: <a href=\"https:\/\/customteamwear.de\/collections\/lc-rapid-produkte\" target=\"_blank\" rel=\"noreferrer noopener\">https:\/\/customteamwear.de\/collections\/lc-rapid-produkte<\/a><br>Gew\u00fcnschtes ausw\u00e4hlen, in den Warenkorb packen, bezahlen und in H\u00f6rde abholen oder zuschicken lassen, ganz einfach!<\/p>\n\n\n\n<figure class=\"wp-block-image aligncenter size-full is-resized has-lightbox\"><a href=\"https:\/\/customteamwear.de\/collections\/lc-rapid-produkte\" target=\"_blank\" rel=\" noreferrer noopener\"><img loading=\"lazy\" decoding=\"async\" width=\"750\" height=\"526\" src=\"https:\/\/lc-rapid-dortmund.de\/wordpress\/wp-content\/uploads\/2026\/03\/shop_2026.jpg\" alt=\"\" class=\"wp-image-731\" style=\"width:616px;height:auto\" srcset=\"https:\/\/lc-rapid-dortmund.de\/wordpress\/wp-content\/uploads\/2026\/03\/shop_2026.jpg 750w, https:\/\/lc-rapid-dortmund.de\/wordpress\/wp-content\/uploads\/2026\/03\/shop_2026-200x140.jpg 200w\" sizes=\"auto, (max-width: 750px) 100vw, 750px\" \/><\/a><\/figure>\n","protected":false},"excerpt":{"rendered":"<p>Die Kollektion mit hochwertiger Sport- und Freizeitkleidung von CRAFT gibt es im Rapid Online Shop der plan-a-druckmanufaktur.Hier der Link dorthin: https:\/\/customteamwear.de\/collections\/lc-rapid-produkteGew\u00fcnschtes ausw\u00e4hlen, in den Warenkorb packen, bezahlen und in H\u00f6rde abholen oder zuschicken lassen, ganz einfach!<\/p>\n","protected":false},"author":1,"featured_media":0,"parent":0,"menu_order":0,"comment_status":"closed","ping_status":"closed","template":"","meta":{"_coblocks_attr":"","_coblocks_dimensions":"","_coblocks_responsive_height":"","_coblocks_accordion_ie_support":"","site-sidebar-layout":"default","site-content-layout":"","ast-site-content-layout":"default","site-content-style":"default","site-sidebar-style":"default","ast-global-header-display":"","ast-banner-title-visibility":"","ast-main-header-display":"","ast-hfb-above-header-display":"","ast-hfb-below-header-display":"","ast-hfb-mobile-header-display":"","site-post-title":"","ast-breadcrumbs-content":"","ast-featured-img":"","footer-sml-layout":"","ast-disable-related-posts":"","theme-transparent-header-meta":"","adv-header-id-meta":"","stick-header-meta":"","header-above-stick-meta":"","header-main-stick-meta":"","header-below-stick-meta":"","astra-migrate-meta-layouts":"default","ast-page-background-enabled":"default","ast-page-background-meta":{"desktop":{"background-color":"var(--ast-global-color-5)","background-image":"","background-repeat":"repeat","background-position":"center center","background-size":"auto","background-attachment":"scroll","background-type":"","background-media":"","overlay-type":"","overlay-color":"","overlay-opacity":"","overlay-gradient":""},"tablet":{"background-color":"","background-image":"","background-repeat":"repeat","background-position":"center center","background-size":"auto","background-attachment":"scroll","background-type":"","background-media":"","overlay-type":"","overlay-color":"","overlay-opacity":"","overlay-gradient":""},"mobile":{"background-color":"","background-image":"","background-repeat":"repeat","background-position":"center center","background-size":"auto","background-attachment":"scroll","background-type":"","background-media":"","overlay-type":"","overlay-color":"","overlay-opacity":"","overlay-gradient":""}},"ast-content-background-meta":{"desktop":{"background-color":"var(--ast-global-color-4)","background-image":"","background-repeat":"repeat","background-position":"center center","background-size":"auto","background-attachment":"scroll","background-type":"","background-media":"","overlay-type":"","overlay-color":"","overlay-opacity":"","overlay-gradient":""},"tablet":{"background-color":"var(--ast-global-color-4)","background-image":"","background-repeat":"repeat","background-position":"center center","background-size":"auto","background-attachment":"scroll","background-type":"","background-media":"","overlay-type":"","overlay-color":"","overlay-opacity":"","overlay-gradient":""},"mobile":{"background-color":"var(--ast-global-color-4)","background-image":"","background-repeat":"repeat","background-position":"center center","background-size":"auto","background-attachment":"scroll","background-type":"","background-media":"","overlay-type":"","overlay-color":"","overlay-opacity":"","overlay-gradient":""}},"footnotes":""},"class_list":["post-656","page","type-page","status-publish","hentry"],"_links":{"self":[{"href":"https:\/\/lc-rapid-dortmund.de\/wordpress\/wp-json\/wp\/v2\/pages\/656","targetHints":{"allow":["GET"]}}],"collection":[{"href":"https:\/\/lc-rapid-dortmund.de\/wordpress\/wp-json\/wp\/v2\/pages"}],"about":[{"href":"https:\/\/lc-rapid-dortmund.de\/wordpress\/wp-json\/wp\/v2\/types\/page"}],"author":[{"embeddable":true,"href":"https:\/\/lc-rapid-dortmund.de\/wordpress\/wp-json\/wp\/v2\/users\/1"}],"replies":[{"embeddable":true,"href":"https:\/\/lc-rapid-dortmund.de\/wordpress\/wp-json\/wp\/v2\/comments?post=656"}],"version-history":[{"count":8,"href":"https:\/\/lc-rapid-dortmund.de\/wordpress\/wp-json\/wp\/v2\/pages\/656\/revisions"}],"predecessor-version":[{"id":733,"href":"https:\/\/lc-rapid-dortmund.de\/wordpress\/wp-json\/wp\/v2\/pages\/656\/revisions\/733"}],"wp:attachment":[{"href":"https:\/\/lc-rapid-dortmund.de\/wordpress\/wp-json\/wp\/v2\/media?parent=656"}],"curies":[{"name":"wp","href":"https:\/\/api.w.org\/{rel}","templated":true}]}}